2*d - 2*d = -2*t - 8. Calculate the greatest common factor of d and r.
2
Let l(x) = 12*x - 21. Let k(o) = -o**2 - 2*o + 37. Let h be k(5). Let p be l(h). What is the greatest common divisor of p and 36?
3
Let q(k) = -k**2 + 73. Let n be q(0). Let s = 348 - 290. Let v = n - s. What is the greatest common factor of v and 120?
15
Let v be (-22 + 2392/69)/((-2)/(-12)). Calculate the greatest common divisor of v and 2337.
19
Suppose 5*c = 14 + 96. Let n be ((-31)/(-4))/(33/44 + -1). Let s = n - -42. What is the highest common factor of s and c?
11
Suppose -2*q = -4*m - 98, 2*q - 52 = q - m. Suppose -15*l = -1176 + q. Calculate the greatest common factor of l and 165.
15
Suppose -81*j - 116 = -83*j + 220. What is the highest common divisor of j and 798?
42
Suppose -995 = 4*c - 9*p + 12*p, 2*p = -3*c - 746. Let n = c + 322. What is the greatest common factor of n and 74?
74
Let s be 318 + 0*4/12. Let y be (-14 + (-2895)/(-150))*10. What is the highest common factor of y and s?
53
Let b(i) = i**3 + 3*i**2 - 3*i + 6. Let x = -2 + -2. Let v be b(x). Let o be (-48)/(-20) - 2/5. Calculate the greatest common factor of o and v.
2
Suppose -r + 77 = h, 8*r - 11*r = -2*h - 236. Let f = r - 63. What is the highest common factor of f and 120?
15
Let x(u) = 4*u**2 + 7*u - 20. Let s be x(2). What is the highest common factor of s and 72?
2
Suppose -d = 6 - 45. Let h be ((-2)/4)/((-3)/102). Suppose h*b = 21*b - 52. Calculate the greatest common factor of b and d.
13
Let a be ((-13)/(-2))/(((-1)/180)/((-30)/45)). Let b = -36 + 66. What is the highest common divisor of b and a?
30
Suppose 14*q - 38*q - 10726 = -116926. What is the greatest common factor of q and 59?
59
Let i(x) = -x**3 - 33*x**2 + 106*x - 58. Let l be i(-36). Suppose 4*p + 0 = -4, -2*p - 3292 = -5*z. Calculate the highest common factor of z and l.
14
Let s be -2 - 105/(-7) - (23 + -500). Calculate the highest common divisor of 130 and s.
10
Let o be 4/(440/105 + -2 - 2). Let u(w) = -w**2 + 10*w + 9. Let d be (-216)/(-21) - (-8)/(-28). Let z be u(d). What is the highest common divisor of o and z?
3
Let p = -33618 - -34226. Calculate the greatest common factor of p and 2204.
76
Suppose -50*f - 5 = -49*f, -2*y = 3*f - 759. Calculate the greatest common factor of 946 and y.
43
Let d(c) = -c + 64. Let n be d(0). Let v be ((-338)/(-104))/((-2)/(-144)). Let r be ((-32)/6)/((-13)/v). What is the highest common factor of r and n?
32
Suppose -5*b + 3145 = -5*r, -41*r = -2*b - 43*r + 1262. Calculate the highest common factor of 21 and b.
21
Let z = 105 - 104. Let f = 40 + -29. Calculate the greatest common divisor of f and z.
1
Let l(m) = 13*m + 173. Let r be l(-13). Suppose 2*k - c = 4*k - 71, -c + 147 = 4*k. Let q be -3*1 + k + 1. What is the highest common factor of r and q?
4
Let t be (-20)/30*(-55 - 5). What is the highest common factor of t and 5240?
40
Let u(h) = 3*h**3 - 43*h**2 - 81*h - 74. Let a be u(20). Calculate the greatest common factor of 138 and a.
138
Suppose -15 = -12*x + 33. Suppose 0 = -4*d + y + 21, -2*y - 6 = -x. Suppose -w - 26 = -4*c, d*w + 7 = -c + 3. What is the greatest common factor of c and 138?
6
Let a(z) = -z**3 + 55*z**2 - 8*z + 563. Let r be a(55). What is the highest common factor of r and 205?
41
Let p(c) = 4*c**3 + c**2 - 8*c + 33. Let i be p(3). Let b be (-14)/35 + i/15. What is the greatest common factor of b and 14?
2
Suppose 3*i = 24 + 36. Let s(p) = -140*p**2 - 4*p + 2. Let n be s(1). Let k = n + 322. What is the greatest common factor of k and i?
20
Suppose -42*q + 961 = -9*q + 70. Let t(h) = h**3 + 4*h**2 + h + 3. Let k be t(-3). Suppose 0 - k = -l. What is the greatest common divisor of q and l?
9
Suppose 2*t + 0*t = 132. Let c be (-44)/(-1 + 5)*(6 + -7 + -1). Calculate the greatest common divisor of t and c.
22
Suppose y - 32 = 4*b, -4*y - 2*b = -3*y - 26. Let k = 21 + -21. Suppose 4*j - 58 + 2 = k. Calculate the greatest common divisor of j and y.
14
Let u be ((-1122)/255 - (-8)/2) + (-4587)/(-5). Calculate the highest common factor of u and 3144.
131
Suppose 0 = -3*q + 4*u - 27, 0*q = -3*q - 5*u. Let s = q + 77. What is the greatest common factor of 96 and s?
24
Suppose 26 = -z + 5*u, -u + 34 = 29. Let h be (6/8)/(z/(-16)). What is the greatest common divisor of 444 and h?
12
Let b(q) = -47*q - 1348. Let y be b(-29). Calculate the greatest common divisor of 285 and y.
15
Suppose -1099 = -2*c - d, -77*c + 3*d = -76*c - 546. What is the greatest common factor of c and 488?
61
Let d = 5609 + -3437. Calculate the greatest common factor of d and 60.
12
Suppose -12*c + 21*c - 36 = 0. Let d be c*(-14)/(-8)*(-36)/(-14). Calculate the greatest common factor of d and 45.
9
Let j(r) = 3*r**2 + 4*r + 15. Let o be j(5). Suppose -183*z + 200 = -178*z. Calculate the highest common divisor of z and o.
10
Let h(x) = x**3 + 4*x**2 - 11*x - 13. Let t be h(-8). Let s = t + 253. Let a = -16 - -24. What is the greatest common factor of a and s?
8
Let y be (-2 - 0) + (-210)/(-6). Let o(p) = -47*p - 4750. Let r be o(-113). What is the greatest common factor of r and y?
33
Let j(u) = -21*u - 5. Let c be j(-1). Let v be ((-8)/c*2)/(2/(-126)). Calculate the greatest common divisor of 28 and v.
7
Suppose -56*q - 40*q = 70*q - 5976. What is the greatest common divisor of q and 5571?
9
Let q be 6530/60 + 2/12. Let s(v) = -2*v + 19. Let l be s(-8). Suppose -4*m + l = -q. What is the greatest common divisor of 54 and m?
18
Let n = -2552 - -4021. Calculate the greatest common divisor of 26 and n.
13
Let a(p) be the third derivative of -p**5/60 + p**4/3 + 7*p**2. Let v be a(8). Suppose v*u + 91 = 7*u. Calculate the greatest common divisor of 78 and u.
13
Let g = -124 - -751. Let l = -626938 + 627004. Calculate the greatest common divisor of l and g.
33
Suppose 8*q = -193 + 209. What is the greatest common factor of 25 and q?
1
Let h(s) = -486*s - 8. Let x be h(-3). Calculate the greatest common divisor of x and 232.
58
Suppose -u + 72 - 9 = 0. Let r(n) = -u*n - 28*n + 1 + 22*n. Let a be r(-1). Calculate the highest common divisor of 10 and a.
10
Let z(v) = 4*v + 9. Let q be z(-7). Let d = q - -19. Suppose -2*x + 131 - 11 = d. What is the greatest common divisor of x and 40?
20
Suppose 0 = 2*r - 4*h - 4, 3*h - 4 = -2*r - 0. Let y = 18 + r. Suppose -y = -m - m. What is the highest common factor of 110 and m?
10
Let c be 6/4*22 + -4. Suppose 1176 = 38*o + 986. Calculate the highest common factor of o and c.
1
Let y be (86/8)/((101 - 105)*(-2)/288). What is the greatest common factor of y and 8643?
129
Let c be (-4 + 33/6)*56. Let x be (-3 + (-114)/(-24))/(2/104). Suppose 3*w - 539 = x. What is the greatest common divisor of c and w?
42
Suppose 74*i - 338977 = 90963. Calculate the greatest common factor of 166 and i.
166
Let x = -15 + 17. Suppose -3*d = -x*b - 5, -4*d = -0*b - 4*b. Suppose 3*y = d*f + 17, 2*y + 4*f - 19 = 29. What is the greatest common divisor of y and 126?
14
Let o(s) = 2*s**2 + 17*s + 56. Let u be o(-8). Suppose -5*b + 340 = -5*d, -4*d + u = b - 25. Calculate the greatest common factor of 92 and b.
23
Let i be 356 - (35/21)/(8/24). Calculate the greatest common factor of i and 45.
9
Suppose -196*b + 241*b - 499 = 1481. Let u(w) = 184*w. Let l be u(2). Suppose -4*o - 104 = -l. What is the greatest common factor of b and o?
22
Suppose 0 = -19*u + 16*u + 48. Let r be (-4)/(-12) + 19/(-3). Let v be (-1)/(-2) + (-669)/r. Calculate the greatest common factor of v and u.
16
Suppose 8*c - 786 = 6. What is the greatest common divisor of c and 66?
33
Suppose -2*c - 64 = n - 2*n, -5*c + 164 = 2*n. Let l be (-315)/(-10)*24/14*1. What is the highest common divisor of l and n?
18
Let x(f) = f**2 + 11*f - 68. Let q be x(-19). Let d be q*((-9)/(-6) - 0). What is the greatest common factor of 42 and d?
42
Suppose 0 = 331*m - 157*m - 157*m - 459. Calculate the highest common divisor of m and 3123.
9
Suppose -14*a - 2 = -15*a. Let p be -2 - (-128)/(4/a). Calculate the greatest common factor of 682 and p.
62
Suppose 115*l = 54*l + 7198. Calculate the highest common factor of 4 and l.
2
Let q be 3 - (1 + -34)*304/24. Let w = 433 - q. Suppose -4*p + 185 = -247. Calculate the greatest common divisor of w and p.
12
Suppose -129*x + 85084 = 227*x. What is the greatest common factor of 11233 and x?
23